{"id":2090,"date":"2022-05-09T15:54:36","date_gmt":"2022-05-09T13:54:36","guid":{"rendered":"https:\/\/www.stcts.ch\/treuhand\/?page_id=2090"},"modified":"2025-07-07T16:44:59","modified_gmt":"2025-07-07T14:44:59","slug":"spontanbewerbung","status":"publish","type":"page","link":"https:\/\/www.stcts.ch\/treuhand\/spontanbewerbung\/","title":{"rendered":"Spontanbewerbung"},"content":{"rendered":"<h1>Spontanbewerbung im Bereich Treuhand<\/h1>\n<p>\nEs freut uns sehr, dass Sie sich f\u00fcr eine Stelle in unserem Unternehmen interessieren. Wir suchen laufend motivierte Mitarbeitende, die gerne \u00fcberdurchschnittlich gute Leistungen erbringen.\n<\/p>\n<p>\nTeilzeitbesch\u00e4ftigung, variabler Besch\u00e4ftigungsgrad m\u00f6glich.\n<\/p>\n<h3>Ihre Passion \u2013 was wir von Ihnen erwarten<\/h3>\n<ul>\n<li>Abgeschlossene Ausbildung als Kaufmann\/Kauffrau, Handelsschule oder \u00e4hnliches<\/li>\n<li>Wenn m\u00f6glich Berufserfahrung im Treuhandwesen<\/li>\n<li>Deutsch als Muttersprache (Franz\u00f6sisch\/Italienisch von Vorteil, nicht zwingend)<\/li>\n<li>Stetige Lernbereitschaft sowie Flexibilit\u00e4t bez\u00fcglich Optimierungen (inkl. Einsatz neuer Technologien)<\/li>\n<li>Bereitschaft, \u00fcberdurchschnittlich gute Leistungen zu erbringen<\/li>\n<li>Zuverl\u00e4ssigkeit in s\u00e4mtlichen Bereichen<\/li>\n<\/ul>\n<h3>Was Sie von uns erwarten k\u00f6nnen<\/h3>\n<ul>\n<li>Gute Verdienstm\u00f6glichkeiten<\/li>\n<li>Zukunftsperspektiven im Unternehmen<\/li>\n<li>M\u00f6glichkeiten f\u00fcr mehr Verantwortung, Teamleitung, Standortleitung usw.<\/li>\n<li>Kontinuierliche Weiterbildungen werden unterst\u00fctzt und gef\u00f6rdert<\/li>\n<li>Spannendes und abwechslungsreiches Aufgabengebiet<\/li>\n<li>Aufgestelltes Team<\/li>\n<\/ul>\n<h3>Unser Unternehmen<\/h3>\n<p>\nDie Gesellschaft Stucki &#038; Co. Treuhand und Schulungen ist ein Unternehmen, welches im Jahr 2015 gegr\u00fcndet wurde.\n<\/p>\n<p>\nUnser Kundenstamm profitiert von einem sehr hohen Qualit\u00e4tsstandard, egal ob im Bereich Treuhand oder Schulungen. Wir legen grossen Wert auf nachhaltige Kundenbeziehungen.\n<\/p>\n<p>\nUnser Angebot ist vielseitig und wird stetig erweitert. Verschaffen Sie sich einen \u00dcberblick unter <a id=\"k1\" href=\"https:\/\/www.stcts.ch\" target=\"_blank\" rel=\"noopener noreferrer\">www.stcts.ch<\/a>.\n<\/p>\n<p>\nDas Sprichwort \u201eder Kunde ist K\u00f6nig\u201c nehmen wir seit Anfang an wortw\u00f6rtlich.\n<\/p>\n<h4>\nIhre Bewerbungsunterlagen<br \/>\n<\/h4>\n<p>\nIhre Bewerbungsunterlagen k\u00f6nnen Sie elektronisch an folgende Adresse einreichen:\n<\/p>\n<p><a id=\"k1\" href=\"mailto:careers@stcts.ch\">careers@stcts.ch<\/a><\/p>\n<p>\nWeitere Ausk\u00fcnfte erteilen Ihnen gerne:\n<\/p>\n<p>\nNadine Stucki<br \/>\nMitinhaberin von Stucki &#038; Co. Treuhand und Schulungen<br \/>\n<a id=\"k1\" href=\"mailto:nadine.stucki@stcts.ch\">nadine.stucki@stcts.ch<\/a>\n<\/p>\n<p>\nSlim Gasmi<br \/>\nMitinhaber von Stucki &#038; Co. Treuhand und Schulungen<br \/>\n<a id=\"k1\" href=\"mailto:slim.gasmi@stcts.ch\">slim.gasmi@stcts.ch<\/a>\n<\/p>\n<p>\nWir freuen uns auf Ihre Bewerbung.<\/p>\n","protected":false},"excerpt":{"rendered":"<p>Spontanbewerbung im Bereich Treuhand Es freut uns sehr, dass Sie sich f\u00fcr eine Stelle in unserem Unternehmen interessieren. Wir suchen laufend motivierte <\/p>\n","protected":false},"author":1,"featured_media":0,"parent":0,"menu_order":0,"comment_status":"closed","ping_status":"closed","template":"fullwidth.php","meta":{"footnotes":""},"class_list":["post-2090","page","type-page","status-publish","hentry"],"yoast_head":"<!-- This site is optimized with the Yoast SEO plugin v27.5 - https:\/\/yoast.com\/product\/yoast-seo-wordpress\/ -->\n<title>Spontanbewerbung - Stucki &amp; Co. Treuhand und Schulungen<\/title>\n<meta name=\"robots\" content=\"index, follow, max-snippet:-1, max-image-preview:large, max-video-preview:-1\" \/>\n<link rel=\"canonical\" href=\"https:\/\/www.stcts.ch\/treuhand\/spontanbewerbung\/\" \/>\n<meta property=\"og:locale\" content=\"de_DE\" \/>\n<meta property=\"og:type\" content=\"article\" \/>\n<meta property=\"og:title\" content=\"Spontanbewerbung - Stucki &amp; Co. Treuhand und Schulungen\" \/>\n<meta property=\"og:description\" content=\"Spontanbewerbung im Bereich Treuhand Es freut uns sehr, dass Sie sich f\u00fcr eine Stelle in unserem Unternehmen interessieren. Wir suchen laufend motivierte\" \/>\n<meta property=\"og:url\" content=\"https:\/\/www.stcts.ch\/treuhand\/spontanbewerbung\/\" \/>\n<meta property=\"og:site_name\" content=\"Stucki &amp; Co. Treuhand und Schulungen\" \/>\n<meta property=\"article:modified_time\" content=\"2025-07-07T14:44:59+00:00\" \/>\n<meta name=\"twitter:card\" content=\"summary_large_image\" \/>\n<meta name=\"twitter:label1\" content=\"Gesch\u00e4tzte Lesezeit\" \/>\n\t<meta name=\"twitter:data1\" content=\"2\u00a0Minuten\" \/>\n<script type=\"application\/ld+json\" class=\"yoast-schema-graph\">{\"@context\":\"https:\\\/\\\/schema.org\",\"@graph\":[{\"@type\":\"WebPage\",\"@id\":\"https:\\\/\\\/www.stcts.ch\\\/treuhand\\\/spontanbewerbung\\\/\",\"url\":\"https:\\\/\\\/www.stcts.ch\\\/treuhand\\\/spontanbewerbung\\\/\",\"name\":\"Spontanbewerbung - Stucki &amp; Co. Treuhand und Schulungen\",\"isPartOf\":{\"@id\":\"https:\\\/\\\/www.stcts.ch\\\/treuhand\\\/#website\"},\"datePublished\":\"2022-05-09T13:54:36+00:00\",\"dateModified\":\"2025-07-07T14:44:59+00:00\",\"breadcrumb\":{\"@id\":\"https:\\\/\\\/www.stcts.ch\\\/treuhand\\\/spontanbewerbung\\\/#breadcrumb\"},\"inLanguage\":\"de-CH\",\"potentialAction\":[{\"@type\":\"ReadAction\",\"target\":[\"https:\\\/\\\/www.stcts.ch\\\/treuhand\\\/spontanbewerbung\\\/\"]}]},{\"@type\":\"BreadcrumbList\",\"@id\":\"https:\\\/\\\/www.stcts.ch\\\/treuhand\\\/spontanbewerbung\\\/#breadcrumb\",\"itemListElement\":[{\"@type\":\"ListItem\",\"position\":1,\"name\":\"Home\",\"item\":\"https:\\\/\\\/www.stcts.ch\\\/treuhand\\\/\"},{\"@type\":\"ListItem\",\"position\":2,\"name\":\"Spontanbewerbung\"}]},{\"@type\":\"WebSite\",\"@id\":\"https:\\\/\\\/www.stcts.ch\\\/treuhand\\\/#website\",\"url\":\"https:\\\/\\\/www.stcts.ch\\\/treuhand\\\/\",\"name\":\"Stucki &amp; Co. Treuhand und Schulungen\",\"description\":\"Ihr zuverl\u00e4ssiger Treuh\u00e4nder in Bern &amp; der ganzen Schweiz\",\"publisher\":{\"@id\":\"https:\\\/\\\/www.stcts.ch\\\/treuhand\\\/#organization\"},\"potentialAction\":[{\"@type\":\"SearchAction\",\"target\":{\"@type\":\"EntryPoint\",\"urlTemplate\":\"https:\\\/\\\/www.stcts.ch\\\/treuhand\\\/?s={search_term_string}\"},\"query-input\":{\"@type\":\"PropertyValueSpecification\",\"valueRequired\":true,\"valueName\":\"search_term_string\"}}],\"inLanguage\":\"de-CH\"},{\"@type\":\"Organization\",\"@id\":\"https:\\\/\\\/www.stcts.ch\\\/treuhand\\\/#organization\",\"name\":\"Stucki & Co. Treuhand und Schulungen\",\"url\":\"https:\\\/\\\/www.stcts.ch\\\/treuhand\\\/\",\"logo\":{\"@type\":\"ImageObject\",\"inLanguage\":\"de-CH\",\"@id\":\"https:\\\/\\\/www.stcts.ch\\\/treuhand\\\/#\\\/schema\\\/logo\\\/image\\\/\",\"url\":\"\",\"contentUrl\":\"\",\"caption\":\"Stucki & Co. Treuhand und Schulungen\"},\"image\":{\"@id\":\"https:\\\/\\\/www.stcts.ch\\\/treuhand\\\/#\\\/schema\\\/logo\\\/image\\\/\"}}]}<\/script>\n<!-- \/ Yoast SEO plugin. -->","yoast_head_json":{"title":"Spontanbewerbung - Stucki &amp; Co. Treuhand und Schulungen","robots":{"index":"index","follow":"follow","max-snippet":"max-snippet:-1","max-image-preview":"max-image-preview:large","max-video-preview":"max-video-preview:-1"},"canonical":"https:\/\/www.stcts.ch\/treuhand\/spontanbewerbung\/","og_locale":"de_DE","og_type":"article","og_title":"Spontanbewerbung - Stucki &amp; Co. Treuhand und Schulungen","og_description":"Spontanbewerbung im Bereich Treuhand Es freut uns sehr, dass Sie sich f\u00fcr eine Stelle in unserem Unternehmen interessieren. Wir suchen laufend motivierte","og_url":"https:\/\/www.stcts.ch\/treuhand\/spontanbewerbung\/","og_site_name":"Stucki &amp; Co. Treuhand und Schulungen","article_modified_time":"2025-07-07T14:44:59+00:00","twitter_card":"summary_large_image","twitter_misc":{"Gesch\u00e4tzte Lesezeit":"2\u00a0Minuten"},"schema":{"@context":"https:\/\/schema.org","@graph":[{"@type":"WebPage","@id":"https:\/\/www.stcts.ch\/treuhand\/spontanbewerbung\/","url":"https:\/\/www.stcts.ch\/treuhand\/spontanbewerbung\/","name":"Spontanbewerbung - Stucki &amp; Co. Treuhand und Schulungen","isPartOf":{"@id":"https:\/\/www.stcts.ch\/treuhand\/#website"},"datePublished":"2022-05-09T13:54:36+00:00","dateModified":"2025-07-07T14:44:59+00:00","breadcrumb":{"@id":"https:\/\/www.stcts.ch\/treuhand\/spontanbewerbung\/#breadcrumb"},"inLanguage":"de-CH","potentialAction":[{"@type":"ReadAction","target":["https:\/\/www.stcts.ch\/treuhand\/spontanbewerbung\/"]}]},{"@type":"BreadcrumbList","@id":"https:\/\/www.stcts.ch\/treuhand\/spontanbewerbung\/#breadcrumb","itemListElement":[{"@type":"ListItem","position":1,"name":"Home","item":"https:\/\/www.stcts.ch\/treuhand\/"},{"@type":"ListItem","position":2,"name":"Spontanbewerbung"}]},{"@type":"WebSite","@id":"https:\/\/www.stcts.ch\/treuhand\/#website","url":"https:\/\/www.stcts.ch\/treuhand\/","name":"Stucki &amp; Co. Treuhand und Schulungen","description":"Ihr zuverl\u00e4ssiger Treuh\u00e4nder in Bern &amp; der ganzen Schweiz","publisher":{"@id":"https:\/\/www.stcts.ch\/treuhand\/#organization"},"potentialAction":[{"@type":"SearchAction","target":{"@type":"EntryPoint","urlTemplate":"https:\/\/www.stcts.ch\/treuhand\/?s={search_term_string}"},"query-input":{"@type":"PropertyValueSpecification","valueRequired":true,"valueName":"search_term_string"}}],"inLanguage":"de-CH"},{"@type":"Organization","@id":"https:\/\/www.stcts.ch\/treuhand\/#organization","name":"Stucki & Co. Treuhand und Schulungen","url":"https:\/\/www.stcts.ch\/treuhand\/","logo":{"@type":"ImageObject","inLanguage":"de-CH","@id":"https:\/\/www.stcts.ch\/treuhand\/#\/schema\/logo\/image\/","url":"","contentUrl":"","caption":"Stucki & Co. Treuhand und Schulungen"},"image":{"@id":"https:\/\/www.stcts.ch\/treuhand\/#\/schema\/logo\/image\/"}}]}},"_links":{"self":[{"href":"https:\/\/www.stcts.ch\/treuhand\/wp-json\/wp\/v2\/pages\/2090","targetHints":{"allow":["GET"]}}],"collection":[{"href":"https:\/\/www.stcts.ch\/treuhand\/wp-json\/wp\/v2\/pages"}],"about":[{"href":"https:\/\/www.stcts.ch\/treuhand\/wp-json\/wp\/v2\/types\/page"}],"author":[{"embeddable":true,"href":"https:\/\/www.stcts.ch\/treuhand\/wp-json\/wp\/v2\/users\/1"}],"replies":[{"embeddable":true,"href":"https:\/\/www.stcts.ch\/treuhand\/wp-json\/wp\/v2\/comments?post=2090"}],"version-history":[{"count":5,"href":"https:\/\/www.stcts.ch\/treuhand\/wp-json\/wp\/v2\/pages\/2090\/revisions"}],"predecessor-version":[{"id":2508,"href":"https:\/\/www.stcts.ch\/treuhand\/wp-json\/wp\/v2\/pages\/2090\/revisions\/2508"}],"wp:attachment":[{"href":"https:\/\/www.stcts.ch\/treuhand\/wp-json\/wp\/v2\/media?parent=2090"}],"curies":[{"name":"wp","href":"https:\/\/api.w.org\/{rel}","templated":true}]}}