{"id":62,"date":"2018-04-02T13:03:07","date_gmt":"2018-04-02T13:03:07","guid":{"rendered":"http:\/\/wp2.stcts.ch\/?page_id=62"},"modified":"2024-11-29T14:03:10","modified_gmt":"2024-11-29T13:03:10","slug":"buchhaltung","status":"publish","type":"page","link":"https:\/\/www.stcts.ch\/treuhand\/buchhaltung\/","title":{"rendered":"Buchhaltung"},"content":{"rendered":"<h1 style=\"text-align: left;\">Buchhaltung (Pauschalangebote)<strong><br \/>\n<\/strong><\/h1>\n<h3>Start<\/h3>\n<ul>\n<li>\n<blockquote><p>Finanzbuchhaltung bis 500 Buchungen, pauschal pro Jahr CHF 1&#8217;649.00*<\/p><\/blockquote>\n<\/li>\n<li>\n<blockquote><p>Jahresabschluss inkl. Analyse und Besprechung (sowie unterj\u00e4hrig die Erstellung der Mehrwertsteuerabrechnungen), pauschal CHF 1&#8217;049.00*<\/p><\/blockquote>\n<\/li>\n<\/ul>\n<h3>Midi<\/h3>\n<ul>\n<li>\n<blockquote><p>Finanzbuchhaltung bis 800 Buchungen, pauschal pro Jahr CHF 2&#8217;899.00*<\/p><\/blockquote>\n<\/li>\n<li>\n<blockquote><p>Jahresabschluss inkl. Analyse und Besprechung (sowie unterj\u00e4hrig die Erstellung der Mehrwertsteuerabrechnungen), pauschal CHF 1&#8217;149.00*<\/p><\/blockquote>\n<\/li>\n<\/ul>\n<h3>Maxi<\/h3>\n<ul>\n<li>\n<blockquote><p>Finanzbuchhaltung bis 1500 Buchungen, pauschal pro Jahr CHF 4\u2019199.00*<\/p><\/blockquote>\n<\/li>\n<li>\n<blockquote><p>Jahresabschluss inkl. Analyse und Besprechung (sowie unterj\u00e4hrig die Erstellung der Mehrwertsteuerabrechnungen), pauschal CHF 1&#8217;249.00*<\/p><\/blockquote>\n<\/li>\n<\/ul>\n<h4>UNSERE PREISE:<\/h4>\n<p>\nDie Preise der Pauschalpakete enthalten die erw\u00e4hnten Leistungen und es entstehen keine weiteren Kosten. Selbstverst\u00e4ndlich ist auch eine Abrechnung nach beanspruchten Stunden m\u00f6glich bzw. n\u00f6tig bei einem gr\u00f6sseren inhaltlichen Umfang. Der Stundenansatz betr\u00e4gt hierf\u00fcr CHF 135.00*. Bei Bedarf erstellen wir gerne eine Offerte.\n<\/p>\n<h4>UNSER K\u00d6NNEN:<\/h4>\n<p>\nWir besitzen jahrelange Berufserfahrung in der korrekten Abbildung von individuellen Buchhaltungen. Dazu geh\u00f6ren die unterj\u00e4hrigen Abschl\u00fcsse wie auch die Jahresabschl\u00fcsse, MwSt-Abrechnungen u.v.m.\n<\/p>\n<h4>WOMIT WIR ARBEITEN:<\/h4>\n<p>\nWir kennen die nachfolgenden Buchhaltungsprogramme sehr gut, k\u00f6nnen u.a. teilweise auch unternehmensspezifische Programmierungen vornehmen um die jeweiligen Applikationen anzupassen:\n<\/p>\n<ul>\n<li>Banana Buchhaltung<\/li>\n<li>SelectLine<\/li>\n<li>europa3000<\/li>\n<li>bexio<\/li>\n<li>SAP<\/li>\n<li>KLARA<\/li>\n<li>sage<\/li>\n<li>BusPro<\/li>\n<li>usw.<\/li>\n<\/ul>\n<p>\nWir sind bez\u00fcglich Buchhaltungssoftware bzw. Buchhaltungsprogramme unabh\u00e4ngig und k\u00f6nnen Sie, falls Ihre Unternehmung dies w\u00fcnscht, gerne dazu beraten.\n<\/p>\n<h4>WIESO SOLLTEN SIE SICH F\u00dcR UNS ENTSCHEIDEN:<\/h4>\n<p>\nMit gutem Gewissen k\u00f6nnen wir behaupten, dass wir sehr f\u00e4hige, zuverl\u00e4ssige und ehrliche Personen einsetzen mit dem Ziel, Ihre Bed\u00fcrfnisse befriedigen bzw. \u00fcbertreffen zu k\u00f6nnen. \u00dcberzeugen Sie sich selbst und lassen Sie sich Referenzen geben, die \u00fcber unser \u201eTun\u201c und unser \u201eSein\u201c sehr gut Bescheid wissen.\n<\/p>\n<p>\nBei Interesse oder f\u00fcr weitere Informationen z\u00f6gern Sie nicht, uns zu <a id=\"k1\" href=\"https:\/\/www.stcts.ch\/treuhand\/kontakt\/\">kontaktieren<\/a>. Wir freuen uns darauf.\n<\/p>\n<div class=\"mwst\">\n*die Preise verstehen sich exkl. Mehrwertsteuer\n<\/div>\n<div class=\"btc\">\n**m\u00f6chten Sie mit der Kryptow\u00e4hrung Bitcoin (BTC) bezahlen? <a id=\"k1\" href=\"https:\/\/www.stcts.ch\/treuhand\/kontakt\/\">Kontaktieren<\/a> Sie uns.\n<\/div>\n","protected":false},"excerpt":{"rendered":"<p>Buchhaltung (Pauschalangebote) Start Finanzbuchhaltung bis 500 Buchungen, pauschal pro Jahr CHF 1&#8217;649.00* Jahresabschluss inkl. Analyse und Besprechu<\/p>\n","protected":false},"author":1,"featured_media":0,"parent":0,"menu_order":2,"comment_status":"closed","ping_status":"closed","template":"fullwidth.php","meta":{"footnotes":""},"class_list":["post-62","page","type-page","status-publish","hentry"],"yoast_head":"<!-- This site is optimized with the Yoast SEO plugin v27.2 - https:\/\/yoast.com\/product\/yoast-seo-wordpress\/ -->\n<title>Buchhaltung - Stucki &amp; Co. Treuhand und Schulungen<\/title>\n<meta name=\"description\" content=\"Buchhaltung erledigen lassen Bern, Buchhalter Bern, Buchf\u00fchrung Bern, Buchhaltung Pauschalangebote, Buchhaltung Pauschal g\u00fcnstig.\" \/>\n<meta name=\"robots\" content=\"index, follow, max-snippet:-1, max-image-preview:large, max-video-preview:-1\" \/>\n<link rel=\"canonical\" href=\"https:\/\/www.stcts.ch\/treuhand\/buchhaltung\/\" \/>\n<meta property=\"og:locale\" content=\"de_DE\" \/>\n<meta property=\"og:type\" content=\"article\" \/>\n<meta property=\"og:title\" content=\"Buchhaltung - Stucki &amp; Co. Treuhand und Schulungen\" \/>\n<meta property=\"og:description\" content=\"Buchhaltung erledigen lassen Bern, Buchhalter Bern, Buchf\u00fchrung Bern, Buchhaltung Pauschalangebote, Buchhaltung Pauschal g\u00fcnstig.\" \/>\n<meta property=\"og:url\" content=\"https:\/\/www.stcts.ch\/treuhand\/buchhaltung\/\" \/>\n<meta property=\"og:site_name\" content=\"Stucki &amp; Co. Treuhand und Schulungen\" \/>\n<meta property=\"article:modified_time\" content=\"2024-11-29T13:03:10+00:00\" \/>\n<meta name=\"twitter:card\" content=\"summary_large_image\" \/>\n<meta name=\"twitter:label1\" content=\"Gesch\u00e4tzte Lesezeit\" \/>\n\t<meta name=\"twitter:data1\" content=\"2\u00a0Minuten\" \/>\n<script type=\"application\/ld+json\" class=\"yoast-schema-graph\">{\"@context\":\"https:\/\/schema.org\",\"@graph\":[{\"@type\":\"WebPage\",\"@id\":\"https:\/\/www.stcts.ch\/treuhand\/buchhaltung\/\",\"url\":\"https:\/\/www.stcts.ch\/treuhand\/buchhaltung\/\",\"name\":\"Buchhaltung - Stucki &amp; Co. Treuhand und Schulungen\",\"isPartOf\":{\"@id\":\"https:\/\/www.stcts.ch\/treuhand\/#website\"},\"datePublished\":\"2018-04-02T13:03:07+00:00\",\"dateModified\":\"2024-11-29T13:03:10+00:00\",\"description\":\"Buchhaltung erledigen lassen Bern, Buchhalter Bern, Buchf\u00fchrung Bern, Buchhaltung Pauschalangebote, Buchhaltung Pauschal g\u00fcnstig.\",\"breadcrumb\":{\"@id\":\"https:\/\/www.stcts.ch\/treuhand\/buchhaltung\/#breadcrumb\"},\"inLanguage\":\"de-CH\",\"potentialAction\":[{\"@type\":\"ReadAction\",\"target\":[\"https:\/\/www.stcts.ch\/treuhand\/buchhaltung\/\"]}]},{\"@type\":\"BreadcrumbList\",\"@id\":\"https:\/\/www.stcts.ch\/treuhand\/buchhaltung\/#breadcrumb\",\"itemListElement\":[{\"@type\":\"ListItem\",\"position\":1,\"name\":\"Home\",\"item\":\"https:\/\/www.stcts.ch\/treuhand\/\"},{\"@type\":\"ListItem\",\"position\":2,\"name\":\"Buchhaltung\"}]},{\"@type\":\"WebSite\",\"@id\":\"https:\/\/www.stcts.ch\/treuhand\/#website\",\"url\":\"https:\/\/www.stcts.ch\/treuhand\/\",\"name\":\"Stucki &amp; Co. Treuhand und Schulungen\",\"description\":\"Ihr zuverl\u00e4ssiger Treuh\u00e4nder in Bern &amp; der ganzen Schweiz\",\"publisher\":{\"@id\":\"https:\/\/www.stcts.ch\/treuhand\/#organization\"},\"potentialAction\":[{\"@type\":\"SearchAction\",\"target\":{\"@type\":\"EntryPoint\",\"urlTemplate\":\"https:\/\/www.stcts.ch\/treuhand\/?s={search_term_string}\"},\"query-input\":{\"@type\":\"PropertyValueSpecification\",\"valueRequired\":true,\"valueName\":\"search_term_string\"}}],\"inLanguage\":\"de-CH\"},{\"@type\":\"Organization\",\"@id\":\"https:\/\/www.stcts.ch\/treuhand\/#organization\",\"name\":\"Stucki & Co. Treuhand und Schulungen\",\"url\":\"https:\/\/www.stcts.ch\/treuhand\/\",\"logo\":{\"@type\":\"ImageObject\",\"inLanguage\":\"de-CH\",\"@id\":\"https:\/\/www.stcts.ch\/treuhand\/#\/schema\/logo\/image\/\",\"url\":\"\",\"contentUrl\":\"\",\"caption\":\"Stucki & Co. Treuhand und Schulungen\"},\"image\":{\"@id\":\"https:\/\/www.stcts.ch\/treuhand\/#\/schema\/logo\/image\/\"}}]}<\/script>\n<!-- \/ Yoast SEO plugin. -->","yoast_head_json":{"title":"Buchhaltung - Stucki &amp; Co. Treuhand und Schulungen","description":"Buchhaltung erledigen lassen Bern, Buchhalter Bern, Buchf\u00fchrung Bern, Buchhaltung Pauschalangebote, Buchhaltung Pauschal g\u00fcnstig.","robots":{"index":"index","follow":"follow","max-snippet":"max-snippet:-1","max-image-preview":"max-image-preview:large","max-video-preview":"max-video-preview:-1"},"canonical":"https:\/\/www.stcts.ch\/treuhand\/buchhaltung\/","og_locale":"de_DE","og_type":"article","og_title":"Buchhaltung - Stucki &amp; Co. Treuhand und Schulungen","og_description":"Buchhaltung erledigen lassen Bern, Buchhalter Bern, Buchf\u00fchrung Bern, Buchhaltung Pauschalangebote, Buchhaltung Pauschal g\u00fcnstig.","og_url":"https:\/\/www.stcts.ch\/treuhand\/buchhaltung\/","og_site_name":"Stucki &amp; Co. Treuhand und Schulungen","article_modified_time":"2024-11-29T13:03:10+00:00","twitter_card":"summary_large_image","twitter_misc":{"Gesch\u00e4tzte Lesezeit":"2\u00a0Minuten"},"schema":{"@context":"https:\/\/schema.org","@graph":[{"@type":"WebPage","@id":"https:\/\/www.stcts.ch\/treuhand\/buchhaltung\/","url":"https:\/\/www.stcts.ch\/treuhand\/buchhaltung\/","name":"Buchhaltung - Stucki &amp; Co. Treuhand und Schulungen","isPartOf":{"@id":"https:\/\/www.stcts.ch\/treuhand\/#website"},"datePublished":"2018-04-02T13:03:07+00:00","dateModified":"2024-11-29T13:03:10+00:00","description":"Buchhaltung erledigen lassen Bern, Buchhalter Bern, Buchf\u00fchrung Bern, Buchhaltung Pauschalangebote, Buchhaltung Pauschal g\u00fcnstig.","breadcrumb":{"@id":"https:\/\/www.stcts.ch\/treuhand\/buchhaltung\/#breadcrumb"},"inLanguage":"de-CH","potentialAction":[{"@type":"ReadAction","target":["https:\/\/www.stcts.ch\/treuhand\/buchhaltung\/"]}]},{"@type":"BreadcrumbList","@id":"https:\/\/www.stcts.ch\/treuhand\/buchhaltung\/#breadcrumb","itemListElement":[{"@type":"ListItem","position":1,"name":"Home","item":"https:\/\/www.stcts.ch\/treuhand\/"},{"@type":"ListItem","position":2,"name":"Buchhaltung"}]},{"@type":"WebSite","@id":"https:\/\/www.stcts.ch\/treuhand\/#website","url":"https:\/\/www.stcts.ch\/treuhand\/","name":"Stucki &amp; Co. Treuhand und Schulungen","description":"Ihr zuverl\u00e4ssiger Treuh\u00e4nder in Bern &amp; der ganzen Schweiz","publisher":{"@id":"https:\/\/www.stcts.ch\/treuhand\/#organization"},"potentialAction":[{"@type":"SearchAction","target":{"@type":"EntryPoint","urlTemplate":"https:\/\/www.stcts.ch\/treuhand\/?s={search_term_string}"},"query-input":{"@type":"PropertyValueSpecification","valueRequired":true,"valueName":"search_term_string"}}],"inLanguage":"de-CH"},{"@type":"Organization","@id":"https:\/\/www.stcts.ch\/treuhand\/#organization","name":"Stucki & Co. Treuhand und Schulungen","url":"https:\/\/www.stcts.ch\/treuhand\/","logo":{"@type":"ImageObject","inLanguage":"de-CH","@id":"https:\/\/www.stcts.ch\/treuhand\/#\/schema\/logo\/image\/","url":"","contentUrl":"","caption":"Stucki & Co. Treuhand und Schulungen"},"image":{"@id":"https:\/\/www.stcts.ch\/treuhand\/#\/schema\/logo\/image\/"}}]}},"_links":{"self":[{"href":"https:\/\/www.stcts.ch\/treuhand\/wp-json\/wp\/v2\/pages\/62","targetHints":{"allow":["GET"]}}],"collection":[{"href":"https:\/\/www.stcts.ch\/treuhand\/wp-json\/wp\/v2\/pages"}],"about":[{"href":"https:\/\/www.stcts.ch\/treuhand\/wp-json\/wp\/v2\/types\/page"}],"author":[{"embeddable":true,"href":"https:\/\/www.stcts.ch\/treuhand\/wp-json\/wp\/v2\/users\/1"}],"replies":[{"embeddable":true,"href":"https:\/\/www.stcts.ch\/treuhand\/wp-json\/wp\/v2\/comments?post=62"}],"version-history":[{"count":121,"href":"https:\/\/www.stcts.ch\/treuhand\/wp-json\/wp\/v2\/pages\/62\/revisions"}],"predecessor-version":[{"id":2289,"href":"https:\/\/www.stcts.ch\/treuhand\/wp-json\/wp\/v2\/pages\/62\/revisions\/2289"}],"wp:attachment":[{"href":"https:\/\/www.stcts.ch\/treuhand\/wp-json\/wp\/v2\/media?parent=62"}],"curies":[{"name":"wp","href":"https:\/\/api.w.org\/{rel}","templated":true}]}}