{"id":939,"date":"2018-10-13T08:32:14","date_gmt":"2018-10-13T08:32:14","guid":{"rendered":"https:\/\/wp2.stcts.ch\/?page_id=939"},"modified":"2024-11-29T14:02:33","modified_gmt":"2024-11-29T13:02:33","slug":"firma-gruenden","status":"publish","type":"page","link":"https:\/\/www.stcts.ch\/treuhand\/firma-gruenden\/","title":{"rendered":"Firma gr\u00fcnden"},"content":{"rendered":"<h3>Einzelfirma<\/h3>\n<p>\nDie Gr\u00fcndung einer Einzelfirma ist unkompliziert und erfordert kein Mindestkapital.\n<\/p>\n<p class=\"button-style\"><a href=\"https:\/\/www.stcts.ch\/treuhand\/einzelfirma-gruenden\/\">N\u00e4here Informationen<\/a><\/p>\n<div id=\"linie2\"><\/div>\n<h3>Kollektivgesellschaft<\/h3>\n<p>\nF\u00fcr die Gr\u00fcndung einer Kollektivgesellschaft sind mindestens zwei nat\u00fcrliche Personen n\u00f6tig. Das Verfahren ist unkompliziert und erfordert kein Mindestkapital.\n<\/p>\n<p class=\"button-style\"><a href=\"https:\/\/www.stcts.ch\/treuhand\/kollektivgesellschaft-gruenden\/\">N\u00e4here Informationen<\/a><\/p>\n<div id=\"linie2\"><\/div>\n<h3>GmbH<\/h3>\n<p>\nF\u00fcr die Gr\u00fcndung einer GmbH (Gesellschaft mit beschr\u00e4nkter Haftung) bedarf es mindestens einer nat\u00fcrlichen oder juristischen Person und ein Mindestkapital von CHF 20\u2019000.00.\n<\/p>\n<p class=\"button-style\"><a href=\"https:\/\/www.stcts.ch\/treuhand\/gmbh-gruenden\/\">N\u00e4here Informationen<\/a><\/p>\n<div id=\"linie2\"><\/div>\n<h3>AG<\/h3>\n<p>\nF\u00fcr die Gr\u00fcndung einer AG (Aktiengesellschaft) bedarf es mindestens einer nat\u00fcrlichen oder juristischen Person und ein Mindestkapital von CHF 100\u2019000.00.\n<\/p>\n<p class=\"button-style\"><a href=\"https:\/\/www.stcts.ch\/treuhand\/ag-gruenden\/\">N\u00e4here Informationen<\/a><\/p>\n","protected":false},"excerpt":{"rendered":"<p>Einzelfirma Die Gr\u00fcndung einer Einzelfirma ist unkompliziert und erfordert kein Mindestkapital. N\u00e4here Informationen Kollektivgesellschaft F\u00fcr die Gr\u00fcn<\/p>\n","protected":false},"author":1,"featured_media":0,"parent":0,"menu_order":0,"comment_status":"closed","ping_status":"closed","template":"fullwidth.php","meta":{"footnotes":""},"class_list":["post-939","page","type-page","status-publish","hentry"],"yoast_head":"<!-- This site is optimized with the Yoast SEO plugin v27.2 - https:\/\/yoast.com\/product\/yoast-seo-wordpress\/ -->\n<title>Firma gr\u00fcnden - Stucki &amp; Co. Treuhand und Schulungen<\/title>\n<meta name=\"description\" content=\"Firma gr\u00fcnden in der Schweiz. Wir gr\u00fcnden f\u00fcr Sie eine Firma. Einzelfirma, Kollektivgesellschaft, GmbH oder AG. Wir gr\u00fcnden f\u00fcr Sie\" \/>\n<meta name=\"robots\" content=\"index, follow, max-snippet:-1, max-image-preview:large, max-video-preview:-1\" \/>\n<link rel=\"canonical\" href=\"https:\/\/www.stcts.ch\/treuhand\/firma-gruenden\/\" \/>\n<meta property=\"og:locale\" content=\"de_DE\" \/>\n<meta property=\"og:type\" content=\"article\" \/>\n<meta property=\"og:title\" content=\"Firma gr\u00fcnden - Stucki &amp; Co. Treuhand und Schulungen\" \/>\n<meta property=\"og:description\" content=\"Firma gr\u00fcnden in der Schweiz. Wir gr\u00fcnden f\u00fcr Sie eine Firma. Einzelfirma, Kollektivgesellschaft, GmbH oder AG. Wir gr\u00fcnden f\u00fcr Sie\" \/>\n<meta property=\"og:url\" content=\"https:\/\/www.stcts.ch\/treuhand\/firma-gruenden\/\" \/>\n<meta property=\"og:site_name\" content=\"Stucki &amp; Co. Treuhand und Schulungen\" \/>\n<meta property=\"article:modified_time\" content=\"2024-11-29T13:02:33+00:00\" \/>\n<meta name=\"twitter:card\" content=\"summary_large_image\" \/>\n<meta name=\"twitter:label1\" content=\"Gesch\u00e4tzte Lesezeit\" \/>\n\t<meta name=\"twitter:data1\" content=\"1\u00a0Minute\" \/>\n<script type=\"application\/ld+json\" class=\"yoast-schema-graph\">{\"@context\":\"https:\/\/schema.org\",\"@graph\":[{\"@type\":\"WebPage\",\"@id\":\"https:\/\/www.stcts.ch\/treuhand\/firma-gruenden\/\",\"url\":\"https:\/\/www.stcts.ch\/treuhand\/firma-gruenden\/\",\"name\":\"Firma gr\u00fcnden - Stucki &amp; Co. Treuhand und Schulungen\",\"isPartOf\":{\"@id\":\"https:\/\/www.stcts.ch\/treuhand\/#website\"},\"datePublished\":\"2018-10-13T08:32:14+00:00\",\"dateModified\":\"2024-11-29T13:02:33+00:00\",\"description\":\"Firma gr\u00fcnden in der Schweiz. Wir gr\u00fcnden f\u00fcr Sie eine Firma. Einzelfirma, Kollektivgesellschaft, GmbH oder AG. Wir gr\u00fcnden f\u00fcr Sie\",\"breadcrumb\":{\"@id\":\"https:\/\/www.stcts.ch\/treuhand\/firma-gruenden\/#breadcrumb\"},\"inLanguage\":\"de-CH\",\"potentialAction\":[{\"@type\":\"ReadAction\",\"target\":[\"https:\/\/www.stcts.ch\/treuhand\/firma-gruenden\/\"]}]},{\"@type\":\"BreadcrumbList\",\"@id\":\"https:\/\/www.stcts.ch\/treuhand\/firma-gruenden\/#breadcrumb\",\"itemListElement\":[{\"@type\":\"ListItem\",\"position\":1,\"name\":\"Home\",\"item\":\"https:\/\/www.stcts.ch\/treuhand\/\"},{\"@type\":\"ListItem\",\"position\":2,\"name\":\"Firma gr\u00fcnden\"}]},{\"@type\":\"WebSite\",\"@id\":\"https:\/\/www.stcts.ch\/treuhand\/#website\",\"url\":\"https:\/\/www.stcts.ch\/treuhand\/\",\"name\":\"Stucki &amp; Co. Treuhand und Schulungen\",\"description\":\"Ihr zuverl\u00e4ssiger Treuh\u00e4nder in Bern &amp; der ganzen Schweiz\",\"publisher\":{\"@id\":\"https:\/\/www.stcts.ch\/treuhand\/#organization\"},\"potentialAction\":[{\"@type\":\"SearchAction\",\"target\":{\"@type\":\"EntryPoint\",\"urlTemplate\":\"https:\/\/www.stcts.ch\/treuhand\/?s={search_term_string}\"},\"query-input\":{\"@type\":\"PropertyValueSpecification\",\"valueRequired\":true,\"valueName\":\"search_term_string\"}}],\"inLanguage\":\"de-CH\"},{\"@type\":\"Organization\",\"@id\":\"https:\/\/www.stcts.ch\/treuhand\/#organization\",\"name\":\"Stucki & Co. Treuhand und Schulungen\",\"url\":\"https:\/\/www.stcts.ch\/treuhand\/\",\"logo\":{\"@type\":\"ImageObject\",\"inLanguage\":\"de-CH\",\"@id\":\"https:\/\/www.stcts.ch\/treuhand\/#\/schema\/logo\/image\/\",\"url\":\"\",\"contentUrl\":\"\",\"caption\":\"Stucki & Co. Treuhand und Schulungen\"},\"image\":{\"@id\":\"https:\/\/www.stcts.ch\/treuhand\/#\/schema\/logo\/image\/\"}}]}<\/script>\n<!-- \/ Yoast SEO plugin. -->","yoast_head_json":{"title":"Firma gr\u00fcnden - Stucki &amp; Co. Treuhand und Schulungen","description":"Firma gr\u00fcnden in der Schweiz. Wir gr\u00fcnden f\u00fcr Sie eine Firma. Einzelfirma, Kollektivgesellschaft, GmbH oder AG. Wir gr\u00fcnden f\u00fcr Sie","robots":{"index":"index","follow":"follow","max-snippet":"max-snippet:-1","max-image-preview":"max-image-preview:large","max-video-preview":"max-video-preview:-1"},"canonical":"https:\/\/www.stcts.ch\/treuhand\/firma-gruenden\/","og_locale":"de_DE","og_type":"article","og_title":"Firma gr\u00fcnden - Stucki &amp; Co. Treuhand und Schulungen","og_description":"Firma gr\u00fcnden in der Schweiz. Wir gr\u00fcnden f\u00fcr Sie eine Firma. Einzelfirma, Kollektivgesellschaft, GmbH oder AG. Wir gr\u00fcnden f\u00fcr Sie","og_url":"https:\/\/www.stcts.ch\/treuhand\/firma-gruenden\/","og_site_name":"Stucki &amp; Co. Treuhand und Schulungen","article_modified_time":"2024-11-29T13:02:33+00:00","twitter_card":"summary_large_image","twitter_misc":{"Gesch\u00e4tzte Lesezeit":"1\u00a0Minute"},"schema":{"@context":"https:\/\/schema.org","@graph":[{"@type":"WebPage","@id":"https:\/\/www.stcts.ch\/treuhand\/firma-gruenden\/","url":"https:\/\/www.stcts.ch\/treuhand\/firma-gruenden\/","name":"Firma gr\u00fcnden - Stucki &amp; Co. Treuhand und Schulungen","isPartOf":{"@id":"https:\/\/www.stcts.ch\/treuhand\/#website"},"datePublished":"2018-10-13T08:32:14+00:00","dateModified":"2024-11-29T13:02:33+00:00","description":"Firma gr\u00fcnden in der Schweiz. Wir gr\u00fcnden f\u00fcr Sie eine Firma. Einzelfirma, Kollektivgesellschaft, GmbH oder AG. Wir gr\u00fcnden f\u00fcr Sie","breadcrumb":{"@id":"https:\/\/www.stcts.ch\/treuhand\/firma-gruenden\/#breadcrumb"},"inLanguage":"de-CH","potentialAction":[{"@type":"ReadAction","target":["https:\/\/www.stcts.ch\/treuhand\/firma-gruenden\/"]}]},{"@type":"BreadcrumbList","@id":"https:\/\/www.stcts.ch\/treuhand\/firma-gruenden\/#breadcrumb","itemListElement":[{"@type":"ListItem","position":1,"name":"Home","item":"https:\/\/www.stcts.ch\/treuhand\/"},{"@type":"ListItem","position":2,"name":"Firma gr\u00fcnden"}]},{"@type":"WebSite","@id":"https:\/\/www.stcts.ch\/treuhand\/#website","url":"https:\/\/www.stcts.ch\/treuhand\/","name":"Stucki &amp; Co. Treuhand und Schulungen","description":"Ihr zuverl\u00e4ssiger Treuh\u00e4nder in Bern &amp; der ganzen Schweiz","publisher":{"@id":"https:\/\/www.stcts.ch\/treuhand\/#organization"},"potentialAction":[{"@type":"SearchAction","target":{"@type":"EntryPoint","urlTemplate":"https:\/\/www.stcts.ch\/treuhand\/?s={search_term_string}"},"query-input":{"@type":"PropertyValueSpecification","valueRequired":true,"valueName":"search_term_string"}}],"inLanguage":"de-CH"},{"@type":"Organization","@id":"https:\/\/www.stcts.ch\/treuhand\/#organization","name":"Stucki & Co. Treuhand und Schulungen","url":"https:\/\/www.stcts.ch\/treuhand\/","logo":{"@type":"ImageObject","inLanguage":"de-CH","@id":"https:\/\/www.stcts.ch\/treuhand\/#\/schema\/logo\/image\/","url":"","contentUrl":"","caption":"Stucki & Co. Treuhand und Schulungen"},"image":{"@id":"https:\/\/www.stcts.ch\/treuhand\/#\/schema\/logo\/image\/"}}]}},"_links":{"self":[{"href":"https:\/\/www.stcts.ch\/treuhand\/wp-json\/wp\/v2\/pages\/939","targetHints":{"allow":["GET"]}}],"collection":[{"href":"https:\/\/www.stcts.ch\/treuhand\/wp-json\/wp\/v2\/pages"}],"about":[{"href":"https:\/\/www.stcts.ch\/treuhand\/wp-json\/wp\/v2\/types\/page"}],"author":[{"embeddable":true,"href":"https:\/\/www.stcts.ch\/treuhand\/wp-json\/wp\/v2\/users\/1"}],"replies":[{"embeddable":true,"href":"https:\/\/www.stcts.ch\/treuhand\/wp-json\/wp\/v2\/comments?post=939"}],"version-history":[{"count":30,"href":"https:\/\/www.stcts.ch\/treuhand\/wp-json\/wp\/v2\/pages\/939\/revisions"}],"predecessor-version":[{"id":2288,"href":"https:\/\/www.stcts.ch\/treuhand\/wp-json\/wp\/v2\/pages\/939\/revisions\/2288"}],"wp:attachment":[{"href":"https:\/\/www.stcts.ch\/treuhand\/wp-json\/wp\/v2\/media?parent=939"}],"curies":[{"name":"wp","href":"https:\/\/api.w.org\/{rel}","templated":true}]}}