{"id":981,"date":"2018-10-18T13:34:10","date_gmt":"2018-10-18T13:34:10","guid":{"rendered":"https:\/\/wp2.stcts.ch\/?page_id=981"},"modified":"2019-03-26T13:46:03","modified_gmt":"2019-03-26T13:46:03","slug":"referenzen","status":"publish","type":"page","link":"https:\/\/www.stcts.ch\/treuhand\/referenzen\/","title":{"rendered":"Referenzen"},"content":{"rendered":"<p>\nReferenzen werden auf Anfrage gerne zur Verf\u00fcgung gestellt. Danke f\u00fcr Ihr Verst\u00e4ndnis.<\/p>\n","protected":false},"excerpt":{"rendered":"<p>Referenzen werden auf Anfrage gerne zur Verf\u00fcgung gestellt. Danke f\u00fcr Ihr Verst\u00e4ndnis.<\/p>\n","protected":false},"author":1,"featured_media":0,"parent":0,"menu_order":0,"comment_status":"closed","ping_status":"closed","template":"fullwidth.php","meta":{"footnotes":""},"class_list":["post-981","page","type-page","status-publish","hentry"],"yoast_head":"<!-- This site is optimized with the Yoast SEO plugin v27.4 - https:\/\/yoast.com\/product\/yoast-seo-wordpress\/ -->\n<title>Referenzen - Stucki &amp; Co. Treuhand und Schulungen<\/title>\n<meta name=\"description\" content=\"Impressum von Stucki &amp; Co. Treuhand und Schulungen Bereich Treuhand. Rechtliches, Hintergrund, Anschrift.\" \/>\n<meta name=\"robots\" content=\"index, follow, max-snippet:-1, max-image-preview:large, max-video-preview:-1\" \/>\n<link rel=\"canonical\" href=\"https:\/\/www.stcts.ch\/treuhand\/referenzen\/\" \/>\n<meta property=\"og:locale\" content=\"de_DE\" \/>\n<meta property=\"og:type\" content=\"article\" \/>\n<meta property=\"og:title\" content=\"Referenzen - Stucki &amp; Co. Treuhand und Schulungen\" \/>\n<meta property=\"og:description\" content=\"Impressum von Stucki &amp; Co. Treuhand und Schulungen Bereich Treuhand. Rechtliches, Hintergrund, Anschrift.\" \/>\n<meta property=\"og:url\" content=\"https:\/\/www.stcts.ch\/treuhand\/referenzen\/\" \/>\n<meta property=\"og:site_name\" content=\"Stucki &amp; Co. Treuhand und Schulungen\" \/>\n<meta property=\"article:modified_time\" content=\"2019-03-26T13:46:03+00:00\" \/>\n<meta name=\"twitter:card\" content=\"summary_large_image\" \/>\n<script type=\"application\/ld+json\" class=\"yoast-schema-graph\">{\"@context\":\"https:\\\/\\\/schema.org\",\"@graph\":[{\"@type\":\"WebPage\",\"@id\":\"https:\\\/\\\/www.stcts.ch\\\/treuhand\\\/referenzen\\\/\",\"url\":\"https:\\\/\\\/www.stcts.ch\\\/treuhand\\\/referenzen\\\/\",\"name\":\"Referenzen - Stucki &amp; Co. Treuhand und Schulungen\",\"isPartOf\":{\"@id\":\"https:\\\/\\\/www.stcts.ch\\\/treuhand\\\/#website\"},\"datePublished\":\"2018-10-18T13:34:10+00:00\",\"dateModified\":\"2019-03-26T13:46:03+00:00\",\"description\":\"Impressum von Stucki & Co. Treuhand und Schulungen Bereich Treuhand. Rechtliches, Hintergrund, Anschrift.\",\"breadcrumb\":{\"@id\":\"https:\\\/\\\/www.stcts.ch\\\/treuhand\\\/referenzen\\\/#breadcrumb\"},\"inLanguage\":\"de-CH\",\"potentialAction\":[{\"@type\":\"ReadAction\",\"target\":[\"https:\\\/\\\/www.stcts.ch\\\/treuhand\\\/referenzen\\\/\"]}]},{\"@type\":\"BreadcrumbList\",\"@id\":\"https:\\\/\\\/www.stcts.ch\\\/treuhand\\\/referenzen\\\/#breadcrumb\",\"itemListElement\":[{\"@type\":\"ListItem\",\"position\":1,\"name\":\"Home\",\"item\":\"https:\\\/\\\/www.stcts.ch\\\/treuhand\\\/\"},{\"@type\":\"ListItem\",\"position\":2,\"name\":\"Referenzen\"}]},{\"@type\":\"WebSite\",\"@id\":\"https:\\\/\\\/www.stcts.ch\\\/treuhand\\\/#website\",\"url\":\"https:\\\/\\\/www.stcts.ch\\\/treuhand\\\/\",\"name\":\"Stucki &amp; Co. Treuhand und Schulungen\",\"description\":\"Ihr zuverl\u00e4ssiger Treuh\u00e4nder in Bern &amp; der ganzen Schweiz\",\"publisher\":{\"@id\":\"https:\\\/\\\/www.stcts.ch\\\/treuhand\\\/#organization\"},\"potentialAction\":[{\"@type\":\"SearchAction\",\"target\":{\"@type\":\"EntryPoint\",\"urlTemplate\":\"https:\\\/\\\/www.stcts.ch\\\/treuhand\\\/?s={search_term_string}\"},\"query-input\":{\"@type\":\"PropertyValueSpecification\",\"valueRequired\":true,\"valueName\":\"search_term_string\"}}],\"inLanguage\":\"de-CH\"},{\"@type\":\"Organization\",\"@id\":\"https:\\\/\\\/www.stcts.ch\\\/treuhand\\\/#organization\",\"name\":\"Stucki & Co. Treuhand und Schulungen\",\"url\":\"https:\\\/\\\/www.stcts.ch\\\/treuhand\\\/\",\"logo\":{\"@type\":\"ImageObject\",\"inLanguage\":\"de-CH\",\"@id\":\"https:\\\/\\\/www.stcts.ch\\\/treuhand\\\/#\\\/schema\\\/logo\\\/image\\\/\",\"url\":\"\",\"contentUrl\":\"\",\"caption\":\"Stucki & Co. Treuhand und Schulungen\"},\"image\":{\"@id\":\"https:\\\/\\\/www.stcts.ch\\\/treuhand\\\/#\\\/schema\\\/logo\\\/image\\\/\"}}]}<\/script>\n<!-- \/ Yoast SEO plugin. -->","yoast_head_json":{"title":"Referenzen - Stucki &amp; Co. Treuhand und Schulungen","description":"Impressum von Stucki & Co. Treuhand und Schulungen Bereich Treuhand. Rechtliches, Hintergrund, Anschrift.","robots":{"index":"index","follow":"follow","max-snippet":"max-snippet:-1","max-image-preview":"max-image-preview:large","max-video-preview":"max-video-preview:-1"},"canonical":"https:\/\/www.stcts.ch\/treuhand\/referenzen\/","og_locale":"de_DE","og_type":"article","og_title":"Referenzen - Stucki &amp; Co. Treuhand und Schulungen","og_description":"Impressum von Stucki & Co. Treuhand und Schulungen Bereich Treuhand. Rechtliches, Hintergrund, Anschrift.","og_url":"https:\/\/www.stcts.ch\/treuhand\/referenzen\/","og_site_name":"Stucki &amp; Co. Treuhand und Schulungen","article_modified_time":"2019-03-26T13:46:03+00:00","twitter_card":"summary_large_image","schema":{"@context":"https:\/\/schema.org","@graph":[{"@type":"WebPage","@id":"https:\/\/www.stcts.ch\/treuhand\/referenzen\/","url":"https:\/\/www.stcts.ch\/treuhand\/referenzen\/","name":"Referenzen - Stucki &amp; Co. Treuhand und Schulungen","isPartOf":{"@id":"https:\/\/www.stcts.ch\/treuhand\/#website"},"datePublished":"2018-10-18T13:34:10+00:00","dateModified":"2019-03-26T13:46:03+00:00","description":"Impressum von Stucki & Co. Treuhand und Schulungen Bereich Treuhand. Rechtliches, Hintergrund, Anschrift.","breadcrumb":{"@id":"https:\/\/www.stcts.ch\/treuhand\/referenzen\/#breadcrumb"},"inLanguage":"de-CH","potentialAction":[{"@type":"ReadAction","target":["https:\/\/www.stcts.ch\/treuhand\/referenzen\/"]}]},{"@type":"BreadcrumbList","@id":"https:\/\/www.stcts.ch\/treuhand\/referenzen\/#breadcrumb","itemListElement":[{"@type":"ListItem","position":1,"name":"Home","item":"https:\/\/www.stcts.ch\/treuhand\/"},{"@type":"ListItem","position":2,"name":"Referenzen"}]},{"@type":"WebSite","@id":"https:\/\/www.stcts.ch\/treuhand\/#website","url":"https:\/\/www.stcts.ch\/treuhand\/","name":"Stucki &amp; Co. Treuhand und Schulungen","description":"Ihr zuverl\u00e4ssiger Treuh\u00e4nder in Bern &amp; der ganzen Schweiz","publisher":{"@id":"https:\/\/www.stcts.ch\/treuhand\/#organization"},"potentialAction":[{"@type":"SearchAction","target":{"@type":"EntryPoint","urlTemplate":"https:\/\/www.stcts.ch\/treuhand\/?s={search_term_string}"},"query-input":{"@type":"PropertyValueSpecification","valueRequired":true,"valueName":"search_term_string"}}],"inLanguage":"de-CH"},{"@type":"Organization","@id":"https:\/\/www.stcts.ch\/treuhand\/#organization","name":"Stucki & Co. Treuhand und Schulungen","url":"https:\/\/www.stcts.ch\/treuhand\/","logo":{"@type":"ImageObject","inLanguage":"de-CH","@id":"https:\/\/www.stcts.ch\/treuhand\/#\/schema\/logo\/image\/","url":"","contentUrl":"","caption":"Stucki & Co. Treuhand und Schulungen"},"image":{"@id":"https:\/\/www.stcts.ch\/treuhand\/#\/schema\/logo\/image\/"}}]}},"_links":{"self":[{"href":"https:\/\/www.stcts.ch\/treuhand\/wp-json\/wp\/v2\/pages\/981","targetHints":{"allow":["GET"]}}],"collection":[{"href":"https:\/\/www.stcts.ch\/treuhand\/wp-json\/wp\/v2\/pages"}],"about":[{"href":"https:\/\/www.stcts.ch\/treuhand\/wp-json\/wp\/v2\/types\/page"}],"author":[{"embeddable":true,"href":"https:\/\/www.stcts.ch\/treuhand\/wp-json\/wp\/v2\/users\/1"}],"replies":[{"embeddable":true,"href":"https:\/\/www.stcts.ch\/treuhand\/wp-json\/wp\/v2\/comments?post=981"}],"version-history":[{"count":2,"href":"https:\/\/www.stcts.ch\/treuhand\/wp-json\/wp\/v2\/pages\/981\/revisions"}],"predecessor-version":[{"id":1395,"href":"https:\/\/www.stcts.ch\/treuhand\/wp-json\/wp\/v2\/pages\/981\/revisions\/1395"}],"wp:attachment":[{"href":"https:\/\/www.stcts.ch\/treuhand\/wp-json\/wp\/v2\/media?parent=981"}],"curies":[{"name":"wp","href":"https:\/\/api.w.org\/{rel}","templated":true}]}}